 - 10466. What is a(11)?
6
Let n(o) = o**3 - 331*o**2 - 4771*o + 821. Calculate n(-14).
-5
Let v(a) = -15172*a + 121449. What is v(8)?
73
Let i(r) = r**2 - 257*r + 15908. Give i(154).
46
Let u(o) = 161974*o - 647880. Determine u(4).
16
Let k(n) = -n**2 + 312*n + 9384. Give k(-27).
231
Let i(w) = -9*w**2 - 15449*w - 3088468. Give i(-231).
2
Let v(z) = -134*z + 17443. What is v(131)?
-111
Let m(t) = -52*t**2 - 49*t + 138. Calculate m(2).
-168
Let n(q) = 10*q**3 + 3*q**2 + 20*q + 22. What is n(-3)?
-281
Let p(v) = -31*v - 621. Give p(-59).
1208
Let h(x) = -x**2 - 6325*x + 50692. Determine h(8).
28
Let h(g) = g**3 + g**2 - 79*g + 58. Give h(-11).
-283
Let i(p) = p**2 + 163*p - 9591. Determine i(68).
6117
Let u(i) = 6*i**3 + 35*i**2 - 254*i + 10. Determine u(-10).
50
Let w(b) = -3*b**2 - 188*b + 2236. Calculate w(10).
56
Let v(w) = 15204*w + 152047. Give v(-10).
7
Let u(v) = -75*v - 2849. Give u(-36).
-149
Let k(d) = 846*d + 49620. Determine k(-58).
552
Let z(w) = 4*w**3 + 31*w**2 + 129*w + 132. Give z(-3).
-84
Let n(z) = 73*z**2 - 1412*z + 48. Give n(19).
-427
Let x(t) = 410522*t - 7799910. What is x(19)?
8
Let j(u) = -112*u**2 - 6046*u + 144. Calculate j(-54).
36
Let f(y) = 3297*y + 319806. Determine f(-97).
-3
Let q(m) = 3550*m**2 + 17741*m - 55. What is q(-5)?
-10
Let y(m) = -6*m**3 + 30*m**2 - 40*m + 2. Give y(5).
-198
Let d(x) = -x**3 - 63*x**2 + 186*x - 1014. Calculate d(-66).
-222
Let z(b) = 71*b**2 - 1493*b - 13840. Calculate z(28).
20
Let m(n) = 362*n + 997. Calculate m(-3).
-89
Let c(q) = q**3 - 93*q**2 + 429*q + 1068. Determine c(88).
100
Let a(y) = -84*y**2 + 330*y - 36. Calculate a(4).
-60
Let r(b) = -654*b - 18981. Calculate r(-29).
-15
Let d(n) = 2*n**3 + 410*n**2 + 800*n - 2431. Give d(-203).
5
Let i(y) = 54*y + 9840. Determine i(-182).
12
Let h(t) = 932*t - 33199. Determine h(34).
-1511
Let f(i) = 188567*i + 188546. What is f(-1)?
-21
Let f(i) = i**2 + 465*i - 89203. Determine f(146).
3
Let m(j) = 2*j**3 - 25*j**2 + 340*j - 22. Calculate m(11).
3355
Let h(a) = -a**2 - 7484*a + 1059626. Give h(139).
29
Let t(v) = -380*v**2 - 2791*v - 99. Give t(-7).
818
Let u(k) = -8*k**3 - 735*k**2 + 169*k + 7108. Determine u(-92).
24
Let i(q) = q**3 + 24*q**2 - 1620*q - 411. Calculate i(-54).
-411
Let q(j) = -5*j**2 - 19727*j - 98478. What is q(-5)?
32
Let j(w) = -4*w**3 - 176*w**2 + 18234*w + 570. Determine j(-93).
12
Let h(v) = 16*v**2 + 451*v + 611. Determine h(-30).
1481
Let i(v) = -1663*v - 903044. What is i(-543)?
-35
Let f(w) = -w**3 - 298*w**2 + 345*w + 13873. What is f(-299)?
119
Let i(w) = -3*w**2 + 1269*w - 103860. Calculate i(111).
36
Let r(t) = -14*t**2 - 310*t - 11. What is r(-21)?
325
Let p(s) = 20*s**2 - 935*s + 9967. Give p(17).
-148
Let j(i) = -27*i**3 + 413*i**2 + 309*i - 79. Calculate j(16).
1
Let l(f) = f**3 - 65*f**2 + 1059*f - 845. Calculate l(37).
6
Let t(o) = -6*o**2 + 16624*o + 166525. Calculate t(-10).
-315
Let x(c) = -6*c**2 + 328*c - 893. What is x(3)?
37
Let r(f) = -4882*f + 29226. What is r(6)?
-66
Let u(k) = 7*k**3 - 56*k**2 - 83*k + 21. Calculate u(10).
591
Let j(w) = -4125*w + 78782. What is j(19)?
407
Let v(n) = -6*n**3 + 74*n**2 + 24*n + 356. Determine v(13).
-8
Let m(w) = 52*w**2 - 319*w + 1596. What is m(5)?
1301
Let u(a) = 107*a**2 - 6*a + 164. Determine u(0).
164
Let u(y) = -y**3 + 16*y**2 + 367*y + 207. Calculate u(-11).
-563
Let f(g) = -1831*g - 32968. What is f(-18)?
-10
Let b(d) = 3014*d + 21142. Determine b(-7).
44
Let o(c) = 3*c**3 - 23*c**2 - 675*c + 4822. Give o(7).
-1
Let h(m) = -m**2 + 25*m - 199. Give h(25).
-199
Let n(j) = -2*j**3 - 45*j**2 - 197*j - 466. Calculate n(-18).
164
Let h(g) = 4*g**3 + 94*g**2 + 217*g + 1617. Determine h(-22).
-253
Let y(s) = 183880*s + 1654925. Calculate y(-9).
5
Let f(j) = 123*j + 1984. What is f(-15)?
139
Let t(z) = 13*z**2 - 280*z + 750. What is t(22)?
882
Let m(h) = h**2 + 195*h - 1383. Determine m(-202).
31
Let c(g) = -3*g**3 - 21*g**2 - 2926*g - 14483. What is c(-5)?
-3
Let j(r) = -r**2 - 271*r + 1073. What is j(4)?
-27
Let p(q) = 5386*q + 48871. Calculate p(-9).
397
Let y(t) = -673*t - 4162. Give y(-8).
1222
Let b(d) = -11171*d**2 - 78214*d + 16. Calculate b(-7).
135
Let c(o) = -13441*o - 1061727. Determine c(-79).
112
Let n(y) = 1825129*y - 9125641. What is n(5)?
4
Let b(q) = -1760*q + 43889. Give b(25).
-111
Let f(x) = -901*x - 7133. Give f(-11).
2778
Let m(u) = 354203*u + 1062610. What is m(-3)?
1
Let o(u) = 28913*u + 144567. Determine o(-5).
2
Let a(n) = -n**3 + 83*n**2 - 347*n + 7668. Determine a(80).
-892
Let s(a) = -6*a**2 - 1376*a + 931. What is s(-230)?
11
Let x(v) = -5495*v + 263776. Determine x(48).
16
Let v(o) = -393*o - 23309. Calculate v(-59).
-122
Let o(n) = -n**2 + 205*n - 9775. What is o(76)?
29
Let q(i) = -635*i + 43. What is q(1)?
-592
Let h(g) = -332*g**2 - 2314*g + 71. Calculate h(-7).
1
Let n(s) = -34*s**2 - 513*s - 518. Calculate n(-14).
0
Let a(z) = -535*z + 277278. What is a(518)?
148
Let t(n) = -61*n**2 - 25*n + 3. What is t(-1)?
-33
Let l(i) = -5*i**3 + 5067*i**2 + 15218*i - 64. What is l(-3)?
20
Let h(q) = 3*q**3 + 104*q**2 + 446*q + 107. What is h(-30)?
-673
Let u(x) = 6*x**2 + 2395*x + 201916. Calculate u(-121).
-33
Let a(z) = -z**3 + 41*z**2 - 686*z + 3361. Calculate a(8).
-15
Let r(f) = -f**3 - 12*f**2 + 1732*f + 2998. Give r(37).
1
Let q(k) = 218350*k + 436660. Determine q(-2).
-40
Let u(y) = -284*y - 1710. Determine u(11).
-4834
Let s(q) = -q**2 + 10654*q + 63963. Calculate s(-6).
3
Let t(l) = -4831*l - 72495. What is t(-15)?
-30
Let w(u) = 10*u**2 - 269*u - 247. What is w(28)?
61
Let z(m) = -3*m**3 - 60*m**2 + 91*m - 12. Give z(-20).
-1832
Let p(w) = -w**2 - 44*w + 58578. What is p(221)?
13
Let b(n) = -2*n**2 - 42*n + 32804. Determine b(118).
0
Let r(k) = -158*k**2 + 95*k - 28. Give r(3).
-1165
Let k(y) = 58*y + 348. What is k(-5)?
58
Let f(g) = 3*g**3 + 396*g**2 + 402*g + 2334. What is f(-131)?
1155
Let a(d) = d**3 - 19*d**2 - 96*d + 1224. Give a(7).
-36
Let r(h) = 1667*h + 286734. Give r(-172).
10
Let f(d) = -d**2 - 1198*d - 46300. Give f(-40).
20
Let k(j) = -j**2 + 172*j + 288541. What is k(630)?
1
Let a(m) = -m**3 + 483*m**2 + 1403*m + 26562. Give a(486).
-168
Let w(p) = 8845*p - 27033. Give w(3).
-498
Let p(t) = -8*t**3 + 199*t**2 + 643*t - 89. Calculate p(-3).
-11
Let h(p) = -2*p**3 + p**2 + 108*p + 234. Calculate h(0).
234
Let c(i) = 3282*i + 2395854. Determine c(-730).
-6
Let o(j) = -2*j**3 - 156*j + 19. What is o(0)?
19
Let f(r) = -3*r**2 + 45*r - 54. What is f(-7)?
-516
Let d(h) = -6*h**3 - 1463*h**2 - 9719*h - 254. Calculate d(-237).
220
Let x(d) = -40*d**2 - 2868*d - 1667. Determine x(-71).
321
Let u(l) = l**2 - 22*l - 932. Determine u(44).
36
Let d(i) = 692*i - 126620. Calculate d(184).
708
Let y(d) = -d**3 + 17*d**2 - 80*d - 164. Give y(18).
-1928
Let o(l) = -11*l**2 - 17*l + 111. Give o(19).
-4183
Let r(d) = 26*d**2 + 810*d - 208. Calculate r(-33).
1376
Let h(m) = -m**3 - 774*m**2 - 35*m - 27032. Determine h(-774).
58
Let f(n) = -2*n**3 - 215*n**2 - 727*n + 106. What is f(-104)?
2
Let w(l) = -l**3 + 49*l**2 - 34*l + 9889. Determine w(52).
9
Let k(a) = -13*a**3 - 2076*a**2 + 6*a + 22. Give k(0).
22
Let n(g) = -g**2 - 175*g - 1550. Determine n(-40).
3850
Let m(p) = -12*p**2 + 379*p + 1898. Give m(36).
-10
Let v(l) = l**2 - 389*l + 18341. What is v(55)?
-29
Let x(o) = -o**2 + 343*o - 9741. What is x(31)?
-69
Let w(c) = 5*c**3 + 3172*c**2 + 1234*c - 21549. What is w(-634)?
7
Let n(c) = 5112*c - 1778974. Give n(348).
2
Let r(u) = -3*u**3 - 12*u**2 - 28*u + 1. Determine r(-2).
33
Let o(c) = 18*c**3 + 665*c**2 - 43*c - 214. Give o(-37).
8
Let k(w) = -w**2 + 7467*w + 59938. Calculate k(-8).
138
Let a(m) = -m**3 + 4*m**2 + 21*m + 1065. Determine a(0).
1065
Let a(l) = -l**3 + 196*l**2 + 9713*l + 192. What is a(237)?
-756
Let q(b) = -b**3 + 265*b**2 - 238*b - 75741. Determine q(263).
3
Let z(c) = 9804*c + 59006. Calculate z(-6).
182
Let k(j) = -26*j**2 + 637*j + 1391. Determine k(-2).
13
Let g(p) = p**2 + 39*p - 223. Calculate g(-53).
519
Let p(v) = -v**3 + 16*v**2 + 27433*v - 164628. Calculate p(6).
330
Let p(h) = h**3 - 19*h**2 - 38*h + 934. Calculate p(16).
-442
Let b(v) = 14*v**3 - 54*v**2 - 892*v - 13. What is b(-7)?
-1217
Let p(d) = 3*d**2 - 167*d - 15894. Calculate p(-50).
-44
Let d(h) = -5*h**2 + 234*h - 2316